{"id":69,"date":"2014-03-14T15:45:18","date_gmt":"2014-03-14T15:45:18","guid":{"rendered":"http:\/\/kuuvarjutus.eu\/uus\/?page_id=69"},"modified":"2014-11-12T22:21:35","modified_gmt":"2014-11-12T22:21:35","slug":"esileht","status":"publish","type":"page","link":"http:\/\/kuuvarjutus.eu\/uus\/","title":{"rendered":"Kuuvarjutus"},"content":{"rendered":"<p>\u201eKohvik Kuuvarjutus\u201d tegutseb P\u00e4rnumaal, Tori vallas , Seljal.<\/p>\n<p>Ettev\u00f5tte kontseptsioon on pakkuda kehakinnitust ning jooke kohalikele valla elanikele, Rakvere \u2013 Paide maanteel liiklevatele inimestele ja turistidele. Soovime luua \u00f5dusa paiga suhtlemiseks. Lisaks toitlustamisele on v\u00f5imalik rentida kohviku saali erinevate s\u00fcndmuste l\u00e4biviimiseks.<\/p>\n<p>Kohviku toitu ja\u00a0 pagaritooteid on v\u00f5imalik tellida koju.<\/p>\n","protected":false},"excerpt":{"rendered":"<p>\u201eKohvik Kuuvarjutus\u201d tegutseb P\u00e4rnumaal, Tori vallas , Seljal. Ettev\u00f5tte kontseptsioon on pakkuda kehakinnitust ning jooke kohalikele valla elanikele, Rakvere \u2013 Paide maanteel liiklevatele inimestele ja turistidele. Soovime luua \u00f5dusa paiga suhtlemiseks. Lisaks toitlustamisele on v\u00f5imalik rentida kohviku saali erinevate s\u00fcndmuste l\u00e4biviimiseks. Kohviku toitu ja\u00a0 pagaritooteid on v\u00f5imalik tellida koju.<\/p>\n","protected":false},"author":2,"featured_media":0,"parent":0,"menu_order":0,"comment_status":"closed","ping_status":"closed","template":"","meta":[],"_links":{"self":[{"href":"http:\/\/kuuvarjutus.eu\/uus\/wp-json\/wp\/v2\/pages\/69"}],"collection":[{"href":"http:\/\/kuuvarjutus.eu\/uus\/wp-json\/wp\/v2\/pages"}],"about":[{"href":"http:\/\/kuuvarjutus.eu\/uus\/wp-json\/wp\/v2\/types\/page"}],"author":[{"embeddable":true,"href":"http:\/\/kuuvarjutus.eu\/uus\/wp-json\/wp\/v2\/users\/2"}],"replies":[{"embeddable":true,"href":"http:\/\/kuuvarjutus.eu\/uus\/wp-json\/wp\/v2\/comments?post=69"}],"version-history":[{"count":13,"href":"http:\/\/kuuvarjutus.eu\/uus\/wp-json\/wp\/v2\/pages\/69\/revisions"}],"predecessor-version":[{"id":183,"href":"http:\/\/kuuvarjutus.eu\/uus\/wp-json\/wp\/v2\/pages\/69\/revisions\/183"}],"wp:attachment":[{"href":"http:\/\/kuuvarjutus.eu\/uus\/wp-json\/wp\/v2\/media?parent=69"}],"curies":[{"name":"wp","href":"https:\/\/api.w.org\/{rel}","templated":true}]}}